{"id":593,"date":"2013-10-16T18:35:52","date_gmt":"2013-10-16T17:35:52","guid":{"rendered":"http:\/\/www.ardennes1940aceuxquiontresiste.org\/?page_id=593"},"modified":"2019-09-29T13:12:40","modified_gmt":"2019-09-29T12:12:40","slug":"sommauthe","status":"publish","type":"page","link":"http:\/\/www.ardennes1940aceuxquiontresiste.org\/?page_id=593","title":{"rendered":"Bois de Sommauthe &#8211; Oches &#8211; Mont Damion"},"content":{"rendered":"<h3>&#8230;de la route de La Berli\u00e8re \u00e0 Beaumont<\/h3>\n<p>Le r\u00e9cit concernant le secteur du Bois de Sommauthe &#8211; Mont Damion se pr\u00e9sente en quatre parties : <a name=\"sommauthe\"><\/a><\/p>\n<p style=\"margin-left:4em;\">\n&#8211; <a href=\"http:\/\/www.ardennes1940aceuxquiontresiste.org\/?page_id=613\" style=\"text-decoration:none\">2\u00b0 Division L\u00e9g\u00e8re de Cavalerie<\/a><br \/>\n&#8211; <a href=\"http:\/\/www.ardennes1940aceuxquiontresiste.org\/?page_id=847\" style=\"text-decoration:none\">6\u00b0 Division d&rsquo;Infanterie Coloniale<\/a><br \/>\n&#8211; <a href=\"http:\/\/www.ardennes1940aceuxquiontresiste.org\/?page_id=1106\" style=\"text-decoration:none\">Renfort et rel\u00e8ve : les Spahis<\/a><br \/>\n&#8211; <a href=\"http:\/\/www.ardennes1940aceuxquiontresiste.org\/?page_id=1173\" style=\"text-decoration:none\">6\u00b0 Division d&rsquo;Infanterie<\/a><\/p>\n<p>Il est aussi utile de rappeler l\u2019environnement dans lequel ont v\u00e9cu les militaires et les civils au cours de ces quelques jours de mai, du 10 au 15 :<\/p>\n<h4>Sur le terrain<\/h4>\n<p>Le 10, l\u2019aviation ennemie est omnipr\u00e9sente, bombarde et mitraille les carrefours, les voies de communication, les gares, les terrains d\u2019aviation, les rassemblements civils ou militaires, s\u00e8me partout la panique vu sa brutalit\u00e9. Elle est charg\u00e9e de semer la terreur et s\u2019en acquitte fort bien\u2026<br \/>\nNos troupes entr\u00e9es en Belgique \u00e0 l\u2019appel du roi se heurtent tr\u00e8s vite aux blind\u00e9s et aux troupes ennemies. Elles doivent se replier apr\u00e8s avoir subi de durs combats.<\/p>\n<p>Le 12, les premiers blind\u00e9s ennemis sont au-dessus de Sedan.<\/p>\n<p>Le 13, \u00e0 Sedan, c\u2019est l\u2019enfer men\u00e9 par la Luftwaffe, Stuka et bombardiers, puis l\u2019attaque \u00e0 15 h et le franchissement de la Meuse. Nos soldats des 55\u00b0 et 71\u00b0 Divisions d\u2019Infanterie sont assomm\u00e9s, surpris, submerg\u00e9s et se replient comme ils peuvent vers Le Chesne, Raucourt.<\/p>\n<p>Le 14, l\u2019aviation fran\u00e7aise et anglaise intervient mais subit de s\u00e9rieuses pertes.<\/p>\n<p><font color=\"#6E4827\">Le bruit de la bataille, la menace permanente des avions ennemis, la vue des tu\u00e9s et des bless\u00e9s, la fuite des populations et des soldats cr\u00e9ent une atmosph\u00e8re d\u2019incompr\u00e9hension et de panique.<\/font><\/p>\n<h4>Dans les \u00e9tats-majors  (II\u00b0 Arm\u00e9e- Huntziger et 3\u00b0 DIM &#8211; Bertin Boussu)<\/h4>\n<p>le 10 mai , toutes les unit\u00e9s sont mises en alerte. <\/p>\n<p>Le 11 mai, Huntziger d\u00e9clare \u00e0 Bertin Boussu : \u00ab\u00a0situation pas inqui\u00e9tante \u2026 rien \u00e0 signaler\u00a0\u00bb. Des avions d\u2019observation fran\u00e7ais rep\u00e8rent et photographient les colonnes ennemies traversant la Belgique vers Sedan. Mais ce n\u2019est pas pris au s\u00e9rieux.<\/p>\n<p>Le 12 mai, le g\u00e9n\u00e9ral Roton (groupe d\u2019arm\u00e9e du Nord du Gal Georges) demande \u00e0 la 3\u00b0 DIM de se pr\u00e9parer \u00e0 gagner le secteur de Stonne-Sommauthe, au cours des deux nuits suivantes. Huntziger appelle le 6\u00b0 GRDI pour prot\u00e9ger son PC de Senuc des parachutistes (?). Ce qui est fait. Bertin Boussu pr\u00e9pare les itin\u00e9raires avec le groupe de transport car bien que \u00ab motoris\u00e9e \u00bb elle ne dispose pas de moyens de transport propres. Une partie de la division arrivera le 13 matin, l\u2019autre le 14 en matin\u00e9e.<\/p>\n<p>Le 13 mai, Bertin Boussu rencontre Huntziger, calme et confiant qui d\u00e9clare ne pas avoir de mission \u00e0 confier \u00e0 la 3\u00b0 DIM. Mais \u00e0 18 h Bertin Boussu re\u00e7oit l\u2019ordre n\u00b0 50 le chargeant de prendre position sur la ligne canal, Mont Dieu, Mont Damion et Mont du Cygne. La 3\u00b0 DIM s\u2019appuiera sur la 5\u00b0 DLC \u00e0 l\u2019ouest et sur la 2\u00b0 DLC \u00e0 l\u2019est. Bertin Boussu se rend au PC du X\u00b0 corps d\u2019Arm\u00e9e (La Berli\u00e8re) o\u00f9 le g\u00e9n\u00e9ral Grandsard boucle ses malles, effondr\u00e9 : \u00ab\u00a0faites ce que vous voudrez !\u00a0\u00bb De retour \u00e0 son PC de Buzancy, il trouve Huntziger effondr\u00e9 qui lui d\u00e9clare : \u00ab\u00a0Arr\u00eatez l\u2019ennemi, sinon, demain c\u2019est l\u2019invasion !\u00a0\u00bb<\/p>\n<p>Dans la nuit du 13 au 14, Huntziger abandonne Senuc et installe son PC au fort de Landrecourt, au sud de Verdun (\u00e0 80 km au lieu de 30), officiellement pour am\u00e9liorer les communications t\u00e9l\u00e9phoniques.<\/p>\n<p><font color=\"#6E4827\">Ce rapide effondrement du haut commandement manifeste son incapacit\u00e9 \u00e0 assumer ses responsabilit\u00e9s. Ce n\u2019est pas rassurant pour les chefs des unit\u00e9s charg\u00e9es d\u2019arr\u00eater l\u2019ennemi !<\/font><\/p>\n<h4>Au plan tactique<\/h4>\n<p>Les d\u00e9cisions prises dans la nuit du 14 au 15 sont souvent incompr\u00e9hensibles pour nos combattants (ordres \/contre-ordres) et compromettent en plusieurs lieux leur capacit\u00e9 de r\u00e9sistance :<\/p>\n<ul>\n<li>1- D\u00e9cision d\u2019abandon de la ligne de r\u00e9sistance bien organis\u00e9e sur la rive gauche de la Chiers (entre Carignan et Mouzon) pour s\u2019installer dans les Bois d\u2019Inor, non am\u00e9nag\u00e9s entra\u00eenant l\u2019obligation d\u2019abandon de certaines armes lourdes int\u00e9gr\u00e9es dans les positions fortifi\u00e9es.<\/li>\n<li>2- Organisation le 15 mai d\u2019une contre-offensive par le groupe Roucaud, de Beaumont \u00e0 Mouzon, permettant d\u2019atteindre la Meuse et de menacer la route Sedan-Stenay que la d\u00e9cision pr\u00e9c\u00e9dente a d\u00e9gag\u00e9e \u00e0 l\u2019ennemi. La contre-attaque r\u00e9ussit mais c\u2019est un ordre de repli qui fait suite !<\/li>\n<li>3- Pr\u00e9paratifs d\u2019une contre-attaque partant de la For\u00eat du Mont Dieu vers Ch\u00e9mery sans informer les participants de la pr\u00e9sence d\u2019un foss\u00e9 antichar imposant (10m de large 2m de profondeur) qui finit d\u2019\u00eatre creus\u00e9, 200 m en avant des lisi\u00e8res de la for\u00eat.<\/li>\n<\/ul>\n<p>C\u2019est dans ce contexte que la 3\u00b0 DIM et la 3\u00b0 DCR re\u00e7oivent pour mission de bloquer la progression ennemie sur la ligne For\u00eat du Mont Dieu-Stonne. La d\u00e9fense de l\u2019espace Stonne-Beaumont est d\u00e9volue \u00e0 la 2\u00b0 DLC qui revient juste de Belgique et \u00e0 la 1\u00b0 DIC qui monte en ligne.<\/p>\n<p><font color=\"#6E4827\">Ce comportement des hauts responsables militaires n\u2019est pas fait pour cr\u00e9er une atmosph\u00e8re de s\u00e9r\u00e9nit\u00e9 et de confiance aupr\u00e8s des troupes qui vont devoir faire face !! Et pourtant, elles ont fait face, elles ont tenu, elles ont r\u00e9sist\u00e9 jusqu\u2019au 11 juin !!<\/font><\/p>\n<p><a href=\"#top\">Haut de la page<\/a><span style=\"float: right;\">Secteur suivant : <a href=\"http:\/\/www.ardennes1940aceuxquiontresiste.org\/?page_id=1522\">Stonne &#8211; Tannay &#8211; Oches<\/a><br \/>\nRetour : <a href=\"http:\/\/www.ardennes1940aceuxquiontresiste.org\/?page_id=22\">liste des secteurs<\/a><\/span><\/p>\n","protected":false},"excerpt":{"rendered":"<p>&#8230;de la route de La Berli\u00e8re \u00e0 Beaumont Le r\u00e9cit concernant le secteur du Bois de Sommauthe &#8211; Mont Damion se pr\u00e9sente en quatre parties : &#8211; 2\u00b0 Division L\u00e9g\u00e8re de Cavalerie &#8211; 6\u00b0 Division d&rsquo;Infanterie Coloniale &#8211; Renfort et rel\u00e8ve : les Spahis &#8211; 6\u00b0 Division d&rsquo;Infanterie Il est aussi utile de rappeler l\u2019environnement [&hellip;]<\/p>\n","protected":false},"author":1,"featured_media":0,"parent":22,"menu_order":4,"comment_status":"closed","ping_status":"closed","template":"page-templates\/front-page.php","meta":{"footnotes":""},"class_list":["post-593","page","type-page","status-publish","hentry"],"_links":{"self":[{"href":"http:\/\/www.ardennes1940aceuxquiontresiste.org\/index.php?rest_route=\/wp\/v2\/pages\/593","targetHints":{"allow":["GET"]}}],"collection":[{"href":"http:\/\/www.ardennes1940aceuxquiontresiste.org\/index.php?rest_route=\/wp\/v2\/pages"}],"about":[{"href":"http:\/\/www.ardennes1940aceuxquiontresiste.org\/index.php?rest_route=\/wp\/v2\/types\/page"}],"author":[{"embeddable":true,"href":"http:\/\/www.ardennes1940aceuxquiontresiste.org\/index.php?rest_route=\/wp\/v2\/users\/1"}],"replies":[{"embeddable":true,"href":"http:\/\/www.ardennes1940aceuxquiontresiste.org\/index.php?rest_route=%2Fwp%2Fv2%2Fcomments&post=593"}],"version-history":[{"count":54,"href":"http:\/\/www.ardennes1940aceuxquiontresiste.org\/index.php?rest_route=\/wp\/v2\/pages\/593\/revisions"}],"predecessor-version":[{"id":1968,"href":"http:\/\/www.ardennes1940aceuxquiontresiste.org\/index.php?rest_route=\/wp\/v2\/pages\/593\/revisions\/1968"}],"up":[{"embeddable":true,"href":"http:\/\/www.ardennes1940aceuxquiontresiste.org\/index.php?rest_route=\/wp\/v2\/pages\/22"}],"wp:attachment":[{"href":"http:\/\/www.ardennes1940aceuxquiontresiste.org\/index.php?rest_route=%2Fwp%2Fv2%2Fmedia&parent=593"}],"curies":[{"name":"wp","href":"https:\/\/api.w.org\/{rel}","templated":true}]}}

<h3>&#8230;de la route de La Berlière à Beaumont</h3>
<p>Le récit concernant le secteur du Bois de Sommauthe &#8211; Mont Damion se présente en quatre parties : <a name="sommauthe"></a></p>
<p style="margin-left:4em;">
&#8211; <a href="http://www.ardennes1940aceuxquiontresiste.org/?page_id=613" style="text-decoration:none">2° Division Légère de Cavalerie</a><br />
&#8211; <a href="http://www.ardennes1940aceuxquiontresiste.org/?page_id=847" style="text-decoration:none">6° Division d&rsquo;Infanterie Coloniale</a><br />
&#8211; <a href="http://www.ardennes1940aceuxquiontresiste.org/?page_id=1106" style="text-decoration:none">Renfort et relève : les Spahis</a><br />
&#8211; <a href="http://www.ardennes1940aceuxquiontresiste.org/?page_id=1173" style="text-decoration:none">6° Division d&rsquo;Infanterie</a></p>
<p>Il est aussi utile de rappeler l’environnement dans lequel ont vécu les militaires et les civils au cours de ces quelques jours de mai, du 10 au 15 :</p>
<h4>Sur le terrain</h4>
<p>Le 10, l’aviation ennemie est omniprésente, bombarde et mitraille les carrefours, les voies de communication, les gares, les terrains d’aviation, les rassemblements civils ou militaires, sème partout la panique vu sa brutalité. Elle est chargée de semer la terreur et s’en acquitte fort bien…<br />
Nos troupes entrées en Belgique à l’appel du roi se heurtent très vite aux blindés et aux troupes ennemies. Elles doivent se replier après avoir subi de durs combats.</p>
<p>Le 12, les premiers blindés ennemis sont au-dessus de Sedan.</p>
<p>Le 13, à Sedan, c’est l’enfer mené par la Luftwaffe, Stuka et bombardiers, puis l’attaque à 15 h et le franchissement de la Meuse. Nos soldats des 55° et 71° Divisions d’Infanterie sont assommés, surpris, submergés et se replient comme ils peuvent vers Le Chesne, Raucourt.</p>
<p>Le 14, l’aviation française et anglaise intervient mais subit de sérieuses pertes.</p>
<p><font color="#6E4827">Le bruit de la bataille, la menace permanente des avions ennemis, la vue des tués et des blessés, la fuite des populations et des soldats créent une atmosphère d’incompréhension et de panique.</font></p>
<h4>Dans les états-majors  (II° Armée- Huntziger et 3° DIM &#8211; Bertin Boussu)</h4>
<p>le 10 mai , toutes les unités sont mises en alerte. </p>
<p>Le 11 mai, Huntziger déclare à Bertin Boussu : « situation pas inquiétante … rien à signaler ». Des avions d’observation français repèrent et photographient les colonnes ennemies traversant la Belgique vers Sedan. Mais ce n’est pas pris au sérieux.</p>
<p>Le 12 mai, le général Roton (groupe d’armée du Nord du Gal Georges) demande à la 3° DIM de se préparer à gagner le secteur de Stonne-Sommauthe, au cours des deux nuits suivantes. Huntziger appelle le 6° GRDI pour protéger son PC de Senuc des parachutistes (?). Ce qui est fait. Bertin Boussu prépare les itinéraires avec le groupe de transport car bien que « motorisée » elle ne dispose pas de moyens de transport propres. Une partie de la division arrivera le 13 matin, l’autre le 14 en matinée.</p>
<p>Le 13 mai, Bertin Boussu rencontre Huntziger, calme et confiant qui déclare ne pas avoir de mission à confier à la 3° DIM. Mais à 18 h Bertin Boussu reçoit l’ordre n° 50 le chargeant de prendre position sur la ligne canal, Mont Dieu, Mont Damion et Mont du Cygne. La 3° DIM s’appuiera sur la 5° DLC à l’ouest et sur la 2° DLC à l’est. Bertin Boussu se rend au PC du X° corps d’Armée (La Berlière) où le général Grandsard boucle ses malles, effondré : « faites ce que vous voudrez ! » De retour à son PC de Buzancy, il trouve Huntziger effondré qui lui déclare : « Arrêtez l’ennemi, sinon, demain c’est l’invasion ! »</p>
<p>Dans la nuit du 13 au 14, Huntziger abandonne Senuc et installe son PC au fort de Landrecourt, au sud de Verdun (à 80 km au lieu de 30), officiellement pour améliorer les communications téléphoniques.</p>
<p><font color="#6E4827">Ce rapide effondrement du haut commandement manifeste son incapacité à assumer ses responsabilités. Ce n’est pas rassurant pour les chefs des unités chargées d’arrêter l’ennemi !</font></p>
<h4>Au plan tactique</h4>
<p>Les décisions prises dans la nuit du 14 au 15 sont souvent incompréhensibles pour nos combattants (ordres /contre-ordres) et compromettent en plusieurs lieux leur capacité de résistance :</p>
<ul>
<li>1- Décision d’abandon de la ligne de résistance bien organisée sur la rive gauche de la Chiers (entre Carignan et Mouzon) pour s’installer dans les Bois d’Inor, non aménagés entraînant l’obligation d’abandon de certaines armes lourdes intégrées dans les positions fortifiées.</li>
<li>2- Organisation le 15 mai d’une contre-offensive par le groupe Roucaud, de Beaumont à Mouzon, permettant d’atteindre la Meuse et de menacer la route Sedan-Stenay que la décision précédente a dégagée à l’ennemi. La contre-attaque réussit mais c’est un ordre de repli qui fait suite !</li>
<li>3- Préparatifs d’une contre-attaque partant de la Forêt du Mont Dieu vers Chémery sans informer les participants de la présence d’un fossé antichar imposant (10m de large 2m de profondeur) qui finit d’être creusé, 200 m en avant des lisières de la forêt.</li>
</ul>
<p>C’est dans ce contexte que la 3° DIM et la 3° DCR reçoivent pour mission de bloquer la progression ennemie sur la ligne Forêt du Mont Dieu-Stonne. La défense de l’espace Stonne-Beaumont est dévolue à la 2° DLC qui revient juste de Belgique et à la 1° DIC qui monte en ligne.</p>
<p><font color="#6E4827">Ce comportement des hauts responsables militaires n’est pas fait pour créer une atmosphère de sérénité et de confiance auprès des troupes qui vont devoir faire face !! Et pourtant, elles ont fait face, elles ont tenu, elles ont résisté jusqu’au 11 juin !!</font></p>
<p><a href="#top">Haut de la page</a><span style="float: right;">Secteur suivant : <a href="http://www.ardennes1940aceuxquiontresiste.org/?page_id=1522">Stonne &#8211; Tannay &#8211; Oches</a><br />
Retour : <a href="http://www.ardennes1940aceuxquiontresiste.org/?page_id=22">liste des secteurs</a></span></p>

<p>&#8230;de la route de La Berlière à Beaumont Le récit concernant le secteur du Bois de Sommauthe &#8211; Mont Damion se présente en quatre parties : &#8211; 2° Division Légère de Cavalerie &#8211; 6° Division d&rsquo;Infanterie Coloniale &#8211; Renfort et relève : les Spahis &#8211; 6° Division d&rsquo;Infanterie Il est aussi utile de rappeler l’environnement [&hellip;]</p>
