{"id":18,"date":"2013-03-17T11:29:24","date_gmt":"2013-03-17T10:29:24","guid":{"rendered":"http:\/\/www.ardennes1940aceuxquiontresiste.org\/?page_id=18"},"modified":"2021-08-11T14:10:44","modified_gmt":"2021-08-11T13:10:44","slug":"bibliographie-recommandee","status":"publish","type":"page","link":"http:\/\/www.ardennes1940aceuxquiontresiste.org\/?page_id=18","title":{"rendered":"Bibliographie recommand\u00e9e"},"content":{"rendered":"<p>Ouvrages \u00e0 trouver dans les biblioth\u00e8ques ou chez les libraires d\u2019occasion.<\/p>\n<h2>T\u00e9moignages<\/h2>\n<div class=\"page\" title=\"Page 1\">\n<div class=\"layoutArea\">\n<div class=\"column\">\n<p>&#8211; ADRIEN : La 15e\u0300me Batterie (6\u00b0 DIC Sommauthe)<br \/>\n&#8211; ge\u0301ne\u0301ral BERTIN-BOUSSU : La 3e\u0300me Division d\u2019Infanterie Motorise\u0301e (Stonne-Tannay)<br \/>\n&#8211; Marc BLOCH : L\u2019e\u0301trange de\u0301faite<br \/>\n&#8211; ge\u0301ne\u0301ral BUISSON : Le ge\u0301ne\u0301ral d\u2019Arme\u0301e LECLERC de Hauteclocque<br \/>\n&#8211; Lucien CARRON : Nuits sans aube (combats en Sarre)<br \/>\n&#8211; Guy de CHEZAL : En automitrailleuse a\u0300 travers les batailles de mai.<br \/>\n&#8211; Jean CLOUET : Les aventures d\u2019un prisonnier de guerre (67e\u0300me RI Les Cendrie\u0300res)<br \/>\n&#8211; DARTIGUES : Des coloniaux au combat (1e\u0300re DIC Fore\u0302t du Dieulet)<br \/>\n&#8211; Capitaine DAUVEL : Historique du 74e\u0300me Re\u0301giment d\u2019Infanterie (Inor-Oches-La Polka)<br \/>\n&#8211; FOLCHER : Carnets de guerre 1939-45 (6e\u0300me Zouaves Yoncq)<br \/>\n&#8211; Bernard HOREN : Fantassin de 40 ou le conteste\u0301 contestataire<br \/>\n&#8211; ge\u0301ne\u0301ral JOUFFRAULT : Les spahis au feu (1e\u0300re Brigade de Spahis Sy-Oches)<br \/>\n&#8211; Jean LABUSQUIERE : La ve\u0301rite\u0301 sur les combattants<br \/>\n&#8211; Jean LABUSQUIERE : Nouvelles ve\u0301rite\u0301s sur les combattants<br \/>\n&#8211; Mme Germaine LHERBIER-MONTAGNON : Disparus dans le ciel (aviation)<br \/>\n&#8211; Ge\u0301rard SIMOND : De\u0301crochages (5e\u0300me DLC Omicourt-Vendresse)<br \/>\n&#8211; colonel SOULET : La 36e\u0300me Division d\u2019Infanterie a\u0300 l\u2019honneur<br \/>\n&#8211; Le\u0301on WATELET : Le 136e\u0300me RIF dans la tourmente de mai-juin 1940 (Inor)<\/p>\n<\/div>\n<\/div>\n<\/div>\n<h2>\u00c9tudes<\/h2>\n<div class=\"page\" title=\"Page 1\">\n<div class=\"layoutArea\">\n<div class=\"column\">\n<p>&#8211; Pierre ACCOCE : La guerre a e\u0301te\u0301 gagne\u0301e en Suisse \u2013 L\u2019affaire Roessler<br \/>\n&#8211; Michel BAUDIER : La re\u0301sistance franc\u0327aise entre Chiers et Aisne (rivie\u0300res)<br \/>\n&#8211; Michel BAUDIER : Une ve\u0301rite\u0301 qui semble de\u0301ranger (combats de Stonne-Tannay-Oches)<br \/>\n&#8211; AlbertBAYET : Pe\u0301tain et la 5e\u0300me colonne<br \/>\n&#8211; BERBEN-ISELIN : Les Panzer passent la Meuse<br \/>\n&#8211; Julia BRACHER : Riom 1942 Le Proce\u0300s e\u0301dition inte\u0301grale<br \/>\n&#8211; Roger BRUGE : Faites sauter la ligne Maginot !<br \/>\n&#8211; Roger BRUGE : Juin 1940 : le mois maudit<br \/>\n&#8211; CASSIUS : La ve\u0301rite\u0301 sur l\u2019affaire Pe\u0301tain<br \/>\n&#8211; CATON : Une guerre perdue en quatre jours 2 vol<br \/>\n&#8211; G CHAUVY : Le drame de l\u2019arme\u0301e franc\u0327aise<br \/>\n&#8211; DELMAS-DEVAUTOUR-LEFEVRE : Mai-juin 1940 Les combattants de l\u2019honneur<br \/>\n&#8211; Christophe DUTRONE : Ils se sont battus mai-juin 1940<br \/>\n&#8211; Karl-Heinz FRIESER : Le mythe de la guerre e\u0301clair<br \/>\n&#8211; Arnaud GILLET : Les victoires de l\u2019aviation de chasse franc\u0327aise 2 vol<br \/>\n&#8211; Arnaud GILLET : Les victoire de l\u2019aviation de chasse britannique 2 vol<br \/>\n&#8211; Arnaud GILLET : Le pie\u0300ge de Sedan<br \/>\n&#8211; GIULIANO : Les combats du Mont Dieu<br \/>\n&#8211; GIULIANO : Les soldats du be\u0301ton<br \/>\n&#8211; Claude GOUNELLE : Sedan mai 1940<br \/>\n&#8211; Michel HENAULT : Avec les chars lourds (B1bis a\u0300 Stonne)<br \/>\n&#8211; Ge\u0301ne\u0301ral JEAUNNAUD : J\u2019accuse le mare\u0301chal Pe\u0301tain<br \/>\n&#8211; Annie LACROIX-RIZ : Le choix de la de\u0301faite<br \/>\n&#8211; Chr. LEVISSE-TOUZE : La campagne de 1940 (colloque)<br \/>\n&#8211; Dominique LORMIER : La bataille de Stonne<br \/>\n&#8211; Dominique LORMIER : Comme des lions.<br \/>\n&#8211; Dominique LORMIER : Mai-juin 1940 : les causes de la de\u0301faite<br \/>\n&#8211; Dominique LORMIER : Les ve\u0301rite\u0301s cache\u0301es de la de\u0301faite de 1940<br \/>\n&#8211; A LORULOT : La grande trahison de 1940<br \/>\n&#8211; Robert MARCY : La bataille de Rethel<br \/>\n&#8211; Jean-Yves MARY : Le corridor des Panzer 10-15 mai (e\u0301ditions Heimdal)<br \/>\n&#8211; Jean-Yves MARY : La course a\u0300 la co\u0302te 16-21 mai (e\u0301ditions Heimdal)<br \/>\n&#8211; Thierry MONE : Les spahis de La Horgne<br \/>\n&#8211; Henri de MOUSTIER : L\u2019armistice trahison<br \/>\n&#8211; Claude PAILLAT : Les de\u0301sastres de 1940 : la guerre-e\u0301clair<br \/>\n&#8211; Michel RATEAU : Les faces cache\u0301es de la Cagoule<br \/>\n&#8211; Jean-Pierre RICHARDOT : 100 000 morts oublie\u0301s<br \/>\n&#8211; Pierre ROCOLLE : La guerre de 1940<br \/>\n&#8211; Roger et Franc\u0327oise ROGER : Combats ae\u0301riens sur la Meuse et la Semoy<br \/>\n&#8211; J. SACRE et A GILLET : Bataille ae\u0301rienne et rupture sur la Meuse<br \/>\n&#8211; Marc SCHIAVON : Les carnets secrets du ge\u0301ne\u0301ral Huntziger<br \/>\n&#8211; Maurice VAI\u0308SSE : Mai-juin 1940 : de\u0301faite franc\u0327aise-victoire allemande<br \/>\n&#8211; de WAILLY : Le tocsin<br \/>\n&#8211; Revue Historique de l\u2019Arme\u0301e : n\u00b0 2 n\u00b0 4<br \/>\n&#8211; Socie\u0301te\u0301 philate\u0301lique de Raucourt 08450 : Vaincre ou mourir sous le soleil des Ardennes<\/p>\n<\/div>\n<\/div>\n<\/div>\n<div class=\"page\" title=\"Page 1\"><\/div>\n<h2>Publications de l\u2019association<\/h2>\n<p>LA R\u00c9SISTANCE FRAN\u00c7AISE \u00e0 STONNE et TANNAY 14-24 mai 1940: 14-25 mai 1940 reprise de l&rsquo;\u00e9dition pr\u00e9c\u00e9dente plus illustr\u00e9e<br \/>\nDix jours en mai (Le Mont Dieu-illustrations grand format)<br \/>\n<span style=\"font-size: 1rem;\">Michel BAUDIER : Une v\u00e9rit\u00e9 qui semble d\u00e9ranger<\/span><br \/>\n<span style=\"font-size: 1rem;\">Mai 1940 : Portes ouvertes \u00e0 Sedan<\/span><\/p>\n<p>=&gt; disponibles aupr\u00e8s de l&rsquo;association<\/p>\n<h2>AUTRES publications conseill\u00e9es<\/h2>\n<p>Arnaud GILLET\u00a0: Les victoires de l\u2019aviation de chasse britannique 2 vol<br \/>\nArnaud GILLET\u00a0: Les victoires de l&rsquo;aviation de chasse fran\u00e7aise 2 vol<br \/>\nArnaud GILLET\u00a0: Le pi\u00e8ge de SEDAN<br \/>\n=&gt; disponibles chez l\u2019auteur Arnaud GILLET 58 rue du Neuf-Bourg 51490 BETHENIVILLE<\/p>\n<p>Les combats d\u2019Inor par L\u00e9on WATELET (un v\u00e9t\u00e9ran du 136\u00b0 RIF)<br \/>\n=&gt; disponible au Secr\u00e9tariat du 136\u00b0 RIF 4 rue J-B Cl\u00e9ment 08110 carignan \uf026 03 24 22 08 41<\/p>\n<div class=\"page\" title=\"Page 1\"><\/div>\n","protected":false},"excerpt":{"rendered":"<p>Ouvrages \u00e0 trouver dans les biblioth\u00e8ques ou chez les libraires d\u2019occasion. T\u00e9moignages &#8211; ADRIEN : La 15e\u0300me Batterie (6\u00b0 DIC Sommauthe) &#8211; ge\u0301ne\u0301ral BERTIN-BOUSSU : La 3e\u0300me Division d\u2019Infanterie Motorise\u0301e (Stonne-Tannay) &#8211; Marc BLOCH : L\u2019e\u0301trange de\u0301faite &#8211; ge\u0301ne\u0301ral BUISSON : Le ge\u0301ne\u0301ral d\u2019Arme\u0301e LECLERC de Hauteclocque &#8211; Lucien CARRON : Nuits sans aube (combats [&hellip;]<\/p>\n","protected":false},"author":1,"featured_media":0,"parent":0,"menu_order":0,"comment_status":"closed","ping_status":"closed","template":"page-templates\/front-page.php","meta":{"footnotes":""},"class_list":["post-18","page","type-page","status-publish","hentry"],"_links":{"self":[{"href":"http:\/\/www.ardennes1940aceuxquiontresiste.org\/index.php?rest_route=\/wp\/v2\/pages\/18","targetHints":{"allow":["GET"]}}],"collection":[{"href":"http:\/\/www.ardennes1940aceuxquiontresiste.org\/index.php?rest_route=\/wp\/v2\/pages"}],"about":[{"href":"http:\/\/www.ardennes1940aceuxquiontresiste.org\/index.php?rest_route=\/wp\/v2\/types\/page"}],"author":[{"embeddable":true,"href":"http:\/\/www.ardennes1940aceuxquiontresiste.org\/index.php?rest_route=\/wp\/v2\/users\/1"}],"replies":[{"embeddable":true,"href":"http:\/\/www.ardennes1940aceuxquiontresiste.org\/index.php?rest_route=%2Fwp%2Fv2%2Fcomments&post=18"}],"version-history":[{"count":15,"href":"http:\/\/www.ardennes1940aceuxquiontresiste.org\/index.php?rest_route=\/wp\/v2\/pages\/18\/revisions"}],"predecessor-version":[{"id":2581,"href":"http:\/\/www.ardennes1940aceuxquiontresiste.org\/index.php?rest_route=\/wp\/v2\/pages\/18\/revisions\/2581"}],"wp:attachment":[{"href":"http:\/\/www.ardennes1940aceuxquiontresiste.org\/index.php?rest_route=%2Fwp%2Fv2%2Fmedia&parent=18"}],"curies":[{"name":"wp","href":"https:\/\/api.w.org\/{rel}","templated":true}]}}

Bibliographie recommandée

<p>Ouvrages à trouver dans les bibliothèques ou chez les libraires d’occasion.</p>
<h2>Témoignages</h2>
<div class="page" title="Page 1">
<div class="layoutArea">
<div class="column">
<p>&#8211; ADRIEN : La 15ème Batterie (6° DIC Sommauthe)<br />
&#8211; général BERTIN-BOUSSU : La 3ème Division d’Infanterie Motorisée (Stonne-Tannay)<br />
&#8211; Marc BLOCH : L’étrange défaite<br />
&#8211; général BUISSON : Le général d’Armée LECLERC de Hauteclocque<br />
&#8211; Lucien CARRON : Nuits sans aube (combats en Sarre)<br />
&#8211; Guy de CHEZAL : En automitrailleuse à travers les batailles de mai.<br />
&#8211; Jean CLOUET : Les aventures d’un prisonnier de guerre (67ème RI Les Cendrières)<br />
&#8211; DARTIGUES : Des coloniaux au combat (1ère DIC Forêt du Dieulet)<br />
&#8211; Capitaine DAUVEL : Historique du 74ème Régiment d’Infanterie (Inor-Oches-La Polka)<br />
&#8211; FOLCHER : Carnets de guerre 1939-45 (6ème Zouaves Yoncq)<br />
&#8211; Bernard HOREN : Fantassin de 40 ou le contesté contestataire<br />
&#8211; général JOUFFRAULT : Les spahis au feu (1ère Brigade de Spahis Sy-Oches)<br />
&#8211; Jean LABUSQUIERE : La vérité sur les combattants<br />
&#8211; Jean LABUSQUIERE : Nouvelles vérités sur les combattants<br />
&#8211; Mme Germaine LHERBIER-MONTAGNON : Disparus dans le ciel (aviation)<br />
&#8211; Gérard SIMOND : Décrochages (5ème DLC Omicourt-Vendresse)<br />
&#8211; colonel SOULET : La 36ème Division d’Infanterie à l’honneur<br />
&#8211; Léon WATELET : Le 136ème RIF dans la tourmente de mai-juin 1940 (Inor)</p>
</div>
</div>
</div>
<h2>Études</h2>
<div class="page" title="Page 1">
<div class="layoutArea">
<div class="column">
<p>&#8211; Pierre ACCOCE : La guerre a été gagnée en Suisse – L’affaire Roessler<br />
&#8211; Michel BAUDIER : La résistance française entre Chiers et Aisne (rivières)<br />
&#8211; Michel BAUDIER : Une vérité qui semble déranger (combats de Stonne-Tannay-Oches)<br />
&#8211; AlbertBAYET : Pétain et la 5ème colonne<br />
&#8211; BERBEN-ISELIN : Les Panzer passent la Meuse<br />
&#8211; Julia BRACHER : Riom 1942 Le Procès édition intégrale<br />
&#8211; Roger BRUGE : Faites sauter la ligne Maginot !<br />
&#8211; Roger BRUGE : Juin 1940 : le mois maudit<br />
&#8211; CASSIUS : La vérité sur l’affaire Pétain<br />
&#8211; CATON : Une guerre perdue en quatre jours 2 vol<br />
&#8211; G CHAUVY : Le drame de l’armée française<br />
&#8211; DELMAS-DEVAUTOUR-LEFEVRE : Mai-juin 1940 Les combattants de l’honneur<br />
&#8211; Christophe DUTRONE : Ils se sont battus mai-juin 1940<br />
&#8211; Karl-Heinz FRIESER : Le mythe de la guerre éclair<br />
&#8211; Arnaud GILLET : Les victoires de l’aviation de chasse française 2 vol<br />
&#8211; Arnaud GILLET : Les victoire de l’aviation de chasse britannique 2 vol<br />
&#8211; Arnaud GILLET : Le piège de Sedan<br />
&#8211; GIULIANO : Les combats du Mont Dieu<br />
&#8211; GIULIANO : Les soldats du béton<br />
&#8211; Claude GOUNELLE : Sedan mai 1940<br />
&#8211; Michel HENAULT : Avec les chars lourds (B1bis à Stonne)<br />
&#8211; Général JEAUNNAUD : J’accuse le maréchal Pétain<br />
&#8211; Annie LACROIX-RIZ : Le choix de la défaite<br />
&#8211; Chr. LEVISSE-TOUZE : La campagne de 1940 (colloque)<br />
&#8211; Dominique LORMIER : La bataille de Stonne<br />
&#8211; Dominique LORMIER : Comme des lions.<br />
&#8211; Dominique LORMIER : Mai-juin 1940 : les causes de la défaite<br />
&#8211; Dominique LORMIER : Les vérités cachées de la défaite de 1940<br />
&#8211; A LORULOT : La grande trahison de 1940<br />
&#8211; Robert MARCY : La bataille de Rethel<br />
&#8211; Jean-Yves MARY : Le corridor des Panzer 10-15 mai (éditions Heimdal)<br />
&#8211; Jean-Yves MARY : La course à la côte 16-21 mai (éditions Heimdal)<br />
&#8211; Thierry MONE : Les spahis de La Horgne<br />
&#8211; Henri de MOUSTIER : L’armistice trahison<br />
&#8211; Claude PAILLAT : Les désastres de 1940 : la guerre-éclair<br />
&#8211; Michel RATEAU : Les faces cachées de la Cagoule<br />
&#8211; Jean-Pierre RICHARDOT : 100 000 morts oubliés<br />
&#8211; Pierre ROCOLLE : La guerre de 1940<br />
&#8211; Roger et Françoise ROGER : Combats aériens sur la Meuse et la Semoy<br />
&#8211; J. SACRE et A GILLET : Bataille aérienne et rupture sur la Meuse<br />
&#8211; Marc SCHIAVON : Les carnets secrets du général Huntziger<br />
&#8211; Maurice VAÏSSE : Mai-juin 1940 : défaite française-victoire allemande<br />
&#8211; de WAILLY : Le tocsin<br />
&#8211; Revue Historique de l’Armée : n° 2 n° 4<br />
&#8211; Société philatélique de Raucourt 08450 : Vaincre ou mourir sous le soleil des Ardennes</p>
</div>
</div>
</div>
<div class="page" title="Page 1"></div>
<h2>Publications de l’association</h2>
<p>LA RÉSISTANCE FRANÇAISE à STONNE et TANNAY 14-24 mai 1940: 14-25 mai 1940 reprise de l&rsquo;édition précédente plus illustrée<br />
Dix jours en mai (Le Mont Dieu-illustrations grand format)<br />
<span style="font-size: 1rem;">Michel BAUDIER : Une vérité qui semble déranger</span><br />
<span style="font-size: 1rem;">Mai 1940 : Portes ouvertes à Sedan</span></p>
<p>=&gt; disponibles auprès de l&rsquo;association</p>
<h2>AUTRES publications conseillées</h2>
<p>Arnaud GILLET : Les victoires de l’aviation de chasse britannique 2 vol<br />
Arnaud GILLET : Les victoires de l&rsquo;aviation de chasse française 2 vol<br />
Arnaud GILLET : Le piège de SEDAN<br />
=&gt; disponibles chez l’auteur Arnaud GILLET 58 rue du Neuf-Bourg 51490 BETHENIVILLE</p>
<p>Les combats d’Inor par Léon WATELET (un vétéran du 136° RIF)<br />
=&gt; disponible au Secrétariat du 136° RIF 4 rue J-B Clément 08110 carignan  03 24 22 08 41</p>
<div class="page" title="Page 1"></div>

<p>Ouvrages à trouver dans les bibliothèques ou chez les libraires d’occasion. Témoignages &#8211; ADRIEN : La 15ème Batterie (6° DIC Sommauthe) &#8211; général BERTIN-BOUSSU : La 3ème Division d’Infanterie Motorisée (Stonne-Tannay) &#8211; Marc BLOCH : L’étrange défaite &#8211; général BUISSON : Le général d’Armée LECLERC de Hauteclocque &#8211; Lucien CARRON : Nuits sans aube (combats [&hellip;]</p>
