{"id":1106,"date":"2014-08-04T07:11:34","date_gmt":"2014-08-04T06:11:34","guid":{"rendered":"http:\/\/www.ardennes1940aceuxquiontresiste.org\/?page_id=1106"},"modified":"2017-04-29T18:32:26","modified_gmt":"2017-04-29T17:32:26","slug":"renfort-et-releve-les-spahis","status":"publish","type":"page","link":"http:\/\/www.ardennes1940aceuxquiontresiste.org\/?page_id=1106","title":{"rendered":"Bois de Sommauthe \u2013 Oches &#8211; Mont Damion \/ Renfort et rel\u00e8ve : les Spahis"},"content":{"rendered":"<h2>1\u00e8re Brigade de Spahis<\/h2>\n<p><img loading=\"lazy\" decoding=\"async\" src=\"http:\/\/www.ardennes1940aceuxquiontresiste.org\/wp-content\/uploads\/Spahis1bis.jpg\" alt=\"Spahis1bis\" width=\"305\" height=\"196\" class=\"alignright size-full wp-image-1156\" srcset=\"http:\/\/www.ardennes1940aceuxquiontresiste.org\/wp-content\/uploads\/Spahis1bis.jpg 305w, http:\/\/www.ardennes1940aceuxquiontresiste.org\/wp-content\/uploads\/Spahis1bis-300x192.jpg 300w\" sizes=\"auto, (max-width: 305px) 100vw, 305px\" \/><\/p>\n<p>Commandant : colonel JOUFFRAULT<br \/>\nComposition : 6\u00e8me R\u00e9giment de Spahis Alg\u00e9riens (6\u00b0 RSA)<br \/>\n4\u00e8me R\u00e9giment de Spahis Marocains (4\u00b0 RSM)<\/p>\n<p>Depuis le 15 mai, l&rsquo;ennemi est tenu en respect sur la ligne Aisne-canal des Ardennes-collines bois\u00e9es Stonne-Sommauthe-Meuse \u00e0 Inor-Chiers \u00e0 La Fert\u00e9. Il veut rompre cette ligne de r\u00e9sistance et pr\u00e9pare une attaque avec des moyens accrus. C\u00f4t\u00e9 fran\u00e7ais, les effectifs ont fondu et le mat\u00e9riel a subi de lourdes pertes. Le combat sera donc tr\u00e8s in\u00e9gal. Et dans le m\u00eame temps se profile le besoin de rel\u00e8ve car nos troupes sont fatigu\u00e9es. Il sera difficile de tenir sans renfort.<\/p>\n<p>C&rsquo;est bien pourquoi, venant du secteur de Longwy, la 1\u00e8re Brigade de Spahis arrive le 20 mai \u00e0 Harricourt \u00e0 la disposition du 21\u00b0 Corps d&rsquo;Arm\u00e9e (g\u00e9n\u00e9ral Flavigny).  Rep\u00e9r\u00e9e par le mouchard, elle subit les 21 et 22 des attaques a\u00e9riennes et des tirs d&rsquo;artillerie. En fin de journ\u00e9e, elle est alert\u00e9e et doit se pr\u00e9parer \u00e0 intervenir sur Oches-La Garenne.<\/p>\n<p>Les Allemands veulent en finir avec la r\u00e9sistance \u00e0 Stonne et les combats en for\u00eat de Sommauthe : ils pr\u00e9voient une double manoeuvre d&rsquo;encerclement : d&rsquo;une part, une attaque au Sud de la for\u00eat du Mont Dieu et une par la vall\u00e9e des Cendri\u00e8res et le Bois du Fay afin d&rsquo;encercler le plateau de Stonne et le Bois du Mont Dieu) ; d&rsquo;autre part, une attaque par le Mont Damion sur le Mont du Cygne et Oches et une \u00e0 travers les Bois de Sommauthe, sur Isly-La Polka et Oches afin d&rsquo;encercler l&rsquo;ensemble des troupes coloniales de la 6\u00b0 DIC.<br \/>\nApr\u00e8s plusieurs jours de pr\u00e9paration, l&rsquo;attaque est lanc\u00e9e le 23 mai.<\/p>\n<p><strong>23 mai : d\u00e9clenchement de la grande offensive allemande<\/strong><br \/>\nL&rsquo;artillerie entre en jeu dans la nuit et sur tout le front. D\u00e8s l&rsquo;aube, les Stuka bombardent les routes d&rsquo;acc\u00e8s \u00e0 Buzancy-Harricourt-Germont. <\/p>\n<p>A 8 h, la Brigade est engag\u00e9e. Le PC s&rsquo;installe \u00e0 la ferme de Fond Barr\u00e9. Elle est mise \u00e0 disposition de la 3\u00b0 DIM \u00e0   11 h 30. Le 6\u00b0 RSA doit prendre position entre le Bois du Fay et la ferme Uchon. Le 4\u00b0 RSM doit prendre position \u00e0 La Berli\u00e8re. L&rsquo;artillerie allemande se d\u00e9cha\u00eene ; l&rsquo;artillerie fran\u00e7aise riposte avec la m\u00eame ardeur : c&rsquo;est l&rsquo;enfer !<\/p>\n<p> Au Nord de Oches, la situation devient inqui\u00e9tante : l&rsquo;ennemi progresse du Mont Damion vers le Mont du Cygne o\u00f9 une partie du 5\u00b0 RICMS est encercl\u00e9e. Des groupes d&rsquo;artillerie de la 6\u00b0 DIC       (groupe du Cdt David du 23\u00b0 RAC et \u00e9l\u00e9ments du 43\u00b0 RA) prennent position et pilonnent les lignes allemandes.<\/p>\n<p>A 13 h, le 4\u00b0 RSM et le 76\u00b0 GRDI sont la cible de violents tirs d&rsquo;artillerie et de l&rsquo;intervention de Stuka (un est abattu). Des groupes sortent de la for\u00eat au Nord de Oches : ils sont accueillis par les tirs de notre artillerie et des mitrailleuses des spahis : ils refluent.<br \/>\nLe bois du Fay est tenu par le 67\u00b0 RI.<\/p>\n<p>A l&rsquo;Ouest, le 6\u00b0 RSA avance sur La Garenne (entre le Bois de Sy et Oches) o\u00f9 il subit de violentes attaques a\u00e9riennes ; il poursuit vers la ferme Uchon sous la mitraille des Stuka et participe \u00e0 la contre-attaque qui repousse l&rsquo;ennemi au-del\u00e0 du Bois Triangulaire. <\/p>\n<p>Au soir, l&rsquo;ennemi est rejet\u00e9 au del\u00e0 de Chantreune et de Noci\u00e8ve. Un violent bombardement ennemi oblige toutefois le PC du 6\u00b0 RSA \u00e0 quitter Sy pour s&rsquo;installer dans le Bois de Sy.<\/p>\n<p>A 14 h, le colonel Jouffrault qui vient d&rsquo;inspecter ses unit\u00e9s, est alert\u00e9 sur la faiblesse de la d\u00e9fense entre La Berli\u00e8re et la Polka. Il tente de joindre le 4\u00b0 RSM sans le trouver, finit par d\u00e9couvrir que la moiti\u00e9 du r\u00e9giment a \u00e9t\u00e9 \u00ab\u00a0r\u00e9cup\u00e9r\u00e9\u00a0\u00bb par le g\u00e9n\u00e9ral Carles (6\u00b0 DIC) pour occuper le Trou d&rsquo;Oches (entre La Polka et Oches) et la c\u00f4te de Saint Pierremont. Il est donc indisponible pour intervenir sur le plateau. Arrive le Commandant Vivet du 42\u00b0 BCC qui demande \u00e0 \u00eatre accompagn\u00e9 par des spahis pour attaquer sur La Berli\u00e8re avec ses chars H 39. C&rsquo;est un groupe du 6\u00b0 RSA qui intervient. Ils trouvent La Berli\u00e8re vide d&rsquo;ennemis et poursuivent \u00e0 l&rsquo;Est, surprenant des \u00e9l\u00e9ments d&rsquo;infanterie au repos qu&rsquo;ils refoulent dans les bois des croupes Est de la vall\u00e9e en leur infligeant des pertes s\u00e9rieuses. Mais l&rsquo;infanterie n&rsquo;a pas suivi et le village est la cible de tirs d&rsquo;artillerie. Les chars font demi-tour et se replient \u00e0 l&rsquo;Ouest, accompagn\u00e9s par les derni\u00e8res troupes fran\u00e7aises. Le village restera ainsi inoccup\u00e9 toute la nuit et m\u00eame une partie de la matin\u00e9e du 24&#8230;<br \/>\nLes chars repartent \u00e0 Verri\u00e8res. <\/p>\n<p>Le demi 4\u00b0 RSM disponible veut renforcer les d\u00e9fenses entre les deux villages lorsqu&rsquo;appara\u00eet un flot d&rsquo;infanterie ennemie sur la croupe SE de La Berli\u00e8re ainsi que sortant des bois au N de Oches. L&rsquo;escadron de mitrailleuses a eu le temps d&rsquo;installer ses armes en lisi\u00e8re des bois, entre La Berli\u00e8re et Oches. Elles fauchent les flux ennemis  qui sont \u00e9galement rep\u00e9r\u00e9s et pris comme cibles par nos batteries. Les assaillants se replient d\u00e9finitivement, laissant nombre de tu\u00e9s sur le terrain.<br \/>\nL&rsquo;avance ennemie est ainsi partout contenue. Mais l&rsquo;absence de l&rsquo;autre demi 4\u00b0 RSM cr\u00e9e une br\u00e8che pouvant favoriser des infiltrations ennemies. <\/p>\n<p><strong>24 mai<\/strong><br \/>\nCe demi- 4\u00b0 RSM reprend enfin sa place dans la nuit. Avec le 6\u00b0 RSA, il est charg\u00e9 de barrer la route \u00e0 toute avance sur Oches ou Verri\u00e8res. Au fil des heures, ils r\u00e9cup\u00e8rent nombre d&rsquo;\u00e9gar\u00e9s d\u00e9stabilis\u00e9s par des ordres de recul anonymes, de fausses informations transmises par t\u00e9l\u00e9phone, de faux ordres de recul donn\u00e9s par de bizarres officiers d&rsquo;\u00c9tat-Major. <\/p>\n<div id=\"attachment_1112\" style=\"width: 2337px\" class=\"wp-caption aligncenter\"><a href=\"http:\/\/www.ardennes1940aceuxquiontresiste.org\/wp-content\/uploads\/Carte-1ere-Brigade-de-Spahis.jpeg\"><img loading=\"lazy\" decoding=\"async\" aria-describedby=\"caption-attachment-1112\" src=\"http:\/\/www.ardennes1940aceuxquiontresiste.org\/wp-content\/uploads\/Carte-1ere-Brigade-de-Spahis.jpeg\" alt=\"Intervention de la premi\u00e8re Brigade de Spahis entre Sy et Oches : 23 et 25 mai 1940\" width=\"2327\" height=\"1665\" class=\"size-full wp-image-1112\" srcset=\"http:\/\/www.ardennes1940aceuxquiontresiste.org\/wp-content\/uploads\/Carte-1ere-Brigade-de-Spahis.jpeg 2327w, http:\/\/www.ardennes1940aceuxquiontresiste.org\/wp-content\/uploads\/Carte-1ere-Brigade-de-Spahis-300x214.jpeg 300w, http:\/\/www.ardennes1940aceuxquiontresiste.org\/wp-content\/uploads\/Carte-1ere-Brigade-de-Spahis-1024x732.jpeg 1024w, http:\/\/www.ardennes1940aceuxquiontresiste.org\/wp-content\/uploads\/Carte-1ere-Brigade-de-Spahis-624x446.jpeg 624w\" sizes=\"auto, (max-width: 2327px) 100vw, 2327px\" \/><\/a><p id=\"caption-attachment-1112\" class=\"wp-caption-text\">Intervention de la premi\u00e8re Brigade de Spahis entre Sy et Oches : 23 et 25 mai 1940<\/p><\/div>\n<p>Toute la nuit,  Sy, le Bois du Fay, les batteries post\u00e9es au-dessus de Oches sont les cibles de tirs d&rsquo;artillerie. Les batteries fran\u00e7aises ripostent avec autant d&rsquo;ardeur. Le groupe David dirige l&rsquo;essentiel de ses tirs sur le plateau de Stonne et la vall\u00e9e des Cendri\u00e8res.<\/p>\n<p>A l&rsquo;aube, l&rsquo;infanterie ennemie apparait. Elle est accueillie par les tirs de notre artillerie et les feux des mitrailleuses. La r\u00e9sistance tenace du 5\u00b0 RICMS encercl\u00e9 en dessus du Mont du Cygne en mobilise une partie.<br \/>\n Mais des groupes progressent dans la vall\u00e9e du Petit Moulin (entre La Berli\u00e8re et Oches). Rev\u00eatus de capotes fran\u00e7aises, ils surprennent et abattent les premiers \u00e9l\u00e9ments du 4\u00b0 RSM \u00e0 la grenade. Les rescap\u00e9s, surpris, se replient en abandonnant un canon de 25 et des mitrailleuses. Furieux de cette ruse d\u00e9loyale, les spahis se reprennent, attaquent \u00e0 la ba\u00efonnette et, appuy\u00e9s au Nord par l&rsquo;escadron de r\u00e9serve du 6\u00b0 RSA, reprennent leurs positions.<br \/>\nAu Nord, le 4\u00b0 RSM contre-attaque \u00e0 la grenade vers le ch\u00e2teau de La Berli\u00e8re avec l&rsquo;appui de quelques chars H39 du 42\u00b0 BCC et rejette l&rsquo;ennemi au-del\u00e0 du ruisseau.<\/p>\n<p>A 5h30, la situation est r\u00e9tablie mais on sent l&rsquo;ennemi press\u00e9 de percer vers le Sud-Ouest.<br \/>\nAu Chemin de Oches \u00e0 Sy, le 6\u00b0 RSA se bat \u00e0 la grenade, en but \u00e0 l&rsquo;artillerie et \u00e0 l&rsquo;aviation. Gr\u00e2ce \u00e0 la t\u00e9nacit\u00e9 de ses spahis et aux interventions bien cibl\u00e9es de l&rsquo;artillerie, l&rsquo;attaque est enray\u00e9e. Les plus hardis sont pourchass\u00e9s par les chars H 39 du 42\u00b0 BCC.<br \/>\nA 6 h, l&rsquo;ensemble des unit\u00e9s du secteur sont plac\u00e9es sous le commandement du colonel Jouffrault.<br \/>\nA 7 h, le 42\u00b0 BCC rejoint la 3\u00b0 Division Cuirass\u00e9e.<br \/>\n<img loading=\"lazy\" decoding=\"async\" src=\"http:\/\/www.ardennes1940aceuxquiontresiste.org\/wp-content\/uploads\/Spahis3.jpg\" alt=\"Spahis3\" width=\"191\" height=\"280\" class=\"alignleft size-full wp-image-1126\" \/><br \/>\nLa 6\u00b0 DIC et une partie du 4\u00b0 RSM portent leurs efforts sur le secteur du Mont du Cygne pour lib\u00e9rer le 5\u00b0 RICMS. Dans les Bois de St Pierremont, le 6\u00b0 RICMS attaque en direction du Mont du Cygne. Ces actions font avorter les attaques ennemies dans ce secteur, toujours soutenues par les tirs de l&rsquo;artillerie r\u00e9gl\u00e9s par l&rsquo;\u00e9ternel mouchard pr\u00e9sent du matin au soir. Dans ce secteur, la situation est ma\u00eetris\u00e9e : aucun ennemi n&rsquo;est signal\u00e9 ni dans La Berli\u00e8re ni dans Oches.<\/p>\n<p>A l&rsquo;Ouest, la situation est plus tendue. Au Nord de Tannay, la contre-attaque men\u00e9e avec le 16\u00b0 BCP, un bataillon du 36\u00b0 RI, les chars de la 3\u00b0 DCR et les \u00e9l\u00e9ments du groupement Gaillard ne parvient pas \u00e0 contenir la ru\u00e9e allemande. Le terrain n&rsquo;offre aucune protection : nos troupes sont face aux batteries allemandes qui tirent \u00e0 vue. L&rsquo;aviation intervient, mais sans insister. Les pertes s&rsquo;accumulent. Le 2\u00b0 escadron du 6\u00b0 RSA engag\u00e9 en appui, ne compte plus que 42 hommes en fin de journ\u00e9e.<br \/>\nEn fin d&rsquo;apr\u00e8s-midi, des chars sont engag\u00e9s sur Tannay, au Sud du Bois du Mont Dieu, sur la ferme et la clairi\u00e8re de la Grange au Mont (42\u00b0 BCC) o\u00f9 ils surprennent un regroupement ennemi et lui causent de lourdes pertes. A l&rsquo;Est, une forte pression allemande s&rsquo;exerce entre La Berli\u00e8re et Oches mais ne peut progresser.<\/p>\n<p>Vers 16h30, un premier bataillon du 119\u00b0 RI (rel\u00e8ve) arrive sur la c\u00f4te de Saint Pierremont.<br \/>\nA 17 h de nouvelles concentrations sont observ\u00e9es entre La Berli\u00e8re et Oches o\u00f9 les tirs d&rsquo;artillerie s&rsquo;accentuent. Les batteries fran\u00e7aises augmentent leur cadence de tir, en particulier sur la vall\u00e9e entre Oches et La Berli\u00e8re. L&rsquo;attaque se d\u00e9clenche \u00e0 17h15. Une compagnie du chars H 39 du 42\u00b0 BCC intervient sur la route Oches-Sy. L&rsquo;attaque est vive sur le Chaudron o\u00f9 font face des spahis du 6\u00b0 RSA, un groupe de permissionnaires du 51\u00b0 RI et des \u00e9l\u00e9ments du 4\u00b0 RSM. Les fantassins r\u00e9sistent courageusement mais, priv\u00e9s de leur chef, ce groupe du 51\u00b0 se disperse avant de se regrouper et de s&rsquo;accrocher. Plus pr\u00e8s de Oches, les escadrons du 4\u00b0 RSM du commandant Brunot demandent de l&rsquo;aide : les tirs des batteries du groupe David sont alors r\u00e9gl\u00e9s au plus pr\u00e8s de Oches et brisent les ardeurs de l&rsquo;ennemi. L&rsquo;attaque \u00e9choue mais les pertes sont lourdes.<\/p>\n<p>A partir de 19h, les attaques ennemies cessent sauf au Sud du Mont du Cygne. Le 5\u00b0 RICMS est enfin d\u00e9gag\u00e9. Entre Sy et La Berli\u00e8re, sur le plateau, les troupes allemandes se replient en ordre. L&rsquo;espoir revient. Mais des bruits de rel\u00e8ve se r\u00e9pandent, confirm\u00e9s au colonel Jouffrault par le g\u00e9n\u00e9ral Bertin-Boussu. C&rsquo;est la 35\u00b0 DI qui arrive pour se positionner sur la ligne Petites Armoises-Bois de Sy-Oches, c&rsquo;est \u00e0 dire en retrait des lignes d\u00e9fendues et maintenues !! Mais les unit\u00e9s ne sont pas encore arriv\u00e9es. Le groupement Gaillard est charg\u00e9 de couvrir le secteur Le Chesne-Chantreune, le groupe Jouffrault, de la cote 228 \u00e0 Oches.<br \/>\nOches (en ruines) est tenu ; la route Grandes Armoises-La Berli\u00e8re est libre. Une contre-attaque se pr\u00e9pare \u00e0 l&rsquo;Ouest avec le g\u00e9n\u00e9ral Gaillard. Vu la situation, il est n\u00e9cessaire d&rsquo;abandonner le massif du Mont Dieu quasi encercl\u00e9 et d&rsquo;organiser le retrait des unit\u00e9s de la 3\u00b0 DIM au cours de la nuit, sous la couverture des spahis renforc\u00e9s par quelques \u00e9l\u00e9ments du 123\u00b0 RI.<\/p>\n<p><strong>25 mai <\/strong><br \/>\nLe II\/123\u00b0 RI n&rsquo;arrive qu&rsquo;au lever du jour. Il est post\u00e9 sur la partie basse du chemin Oches-Sy.<br \/>\nLes spahis couvrent la suite jusqu&rsquo;au-dessus de Sy. Le groupement Gaillard assure la d\u00e9fense du secteur Uchon &#8211; Noci\u00e8ve.<br \/>\nC\u00f4t\u00e9 allemand, des tirs d&rsquo;artillerie se succ\u00e8dent, sans beaucoup de pr\u00e9cision. L&rsquo;infanterie est peu agressive mais l&rsquo;aviation est toujours pr\u00e9sente, particuli\u00e8rement entre 10 et 11 h.<\/p>\n<p>A 8 h le 119\u00b0 RI est en place, \u00e0 droite. Le secteur imparti aux spahis s&rsquo;allonge sur Oches et jusqu&rsquo;au carrefour de Noci\u00e8ve car le 8\u00b0Chasseurs \u00e0 cheval se retire. Les batteries du III\/42\u00b0 RA      (3\u00b0 DIM) s&rsquo;installent au Fond Barr\u00e9 et tirent sur La Berli\u00e8re-la vall\u00e9e des Cendri\u00e8res et Franclieu.<\/p>\n<p>Mais voil\u00e0 l&rsquo;infanterie allemande qui s&rsquo;active : des tirs de mortiers s&rsquo;acc\u00e9l\u00e8rent au Bois du Fay et au Nord Ouest de Noci\u00e8ve, l&rsquo;artillerie se d\u00e9cha\u00eene. Les batteries fran\u00e7aises du groupe David les calment assez rapidement.<\/p>\n<p>Vers 10 h, apparaissent de nombreux chars l\u00e9gers allemands au Sud-Est de La Berli\u00e8re ; ils semblent h\u00e9siter. Ils sont vite pris comme cible par l&rsquo;artillerie : 4 chars flambent, les autres cherchent refuge autour d&rsquo;eux puis font demi-tour et disparaissent rapidement. Un char plus hardi que les autres avance dans la vall\u00e9e, vers Oches : il est d\u00e9truit par un canon de 25 du 4\u00b0 RSM. Ces chars qui ont fui r\u00e9apparaissent sur la route La Berli\u00e8re-Stonne, en pleine vue de notre artillerie qui les pourchasse et en d\u00e9truit plusieurs. Les autres finissent par dispara\u00eetre vers Stonne.<br \/>\n<img loading=\"lazy\" decoding=\"async\" src=\"http:\/\/www.ardennes1940aceuxquiontresiste.org\/wp-content\/uploads\/Spahis4.jpg\" alt=\"Spahis4\" width=\"562\" height=\"316\" class=\"aligncenter size-full wp-image-1127\" srcset=\"http:\/\/www.ardennes1940aceuxquiontresiste.org\/wp-content\/uploads\/Spahis4.jpg 562w, http:\/\/www.ardennes1940aceuxquiontresiste.org\/wp-content\/uploads\/Spahis4-300x168.jpg 300w\" sizes=\"auto, (max-width: 562px) 100vw, 562px\" \/><br \/>\nLa 6\u00b0 DIC engage une attaque sur les positions allemandes au Sud et Sud-Est du Mont du Cygne, en liaison avec le 6\u00b0 RICMS \u00e0 la ferme d&rsquo;Isly et gagne du terrain.<br \/>\nLa situation semble bien en mains quand vers 11 h arrivent des ordres malvenus : retrait du III\/42\u00b0 RA mis \u00e0 disposition de la 35\u00b0 DI, en arri\u00e8re des lignes tenues ; retrait du groupe David (23\u00b0 RAC) rendu \u00e0 la 6\u00b0 DIC. Suite aux protestations alarmistes du colonel Jouffrault, l&rsquo;appui de l&rsquo;Artillerie Divisionnaire (AD 3) est accord\u00e9. Le II\/123\u00b0 RI n&rsquo;est toujours pas l\u00e0 (il n&rsquo;arrivera que dans la nuit !). L&rsquo; AD3 entre aussit\u00f4t en action et d\u00e9clenche des tirs devant les premi\u00e8res lignes.<br \/>\nA l&rsquo;Ouest, le 6\u00b0 RSA, priv\u00e9 d&rsquo;artillerie, est submerg\u00e9 par les attaques allemandes et se replie progressivement vers Fond Barr\u00e9. Les 1er et 2\u00b0 escadrons s&rsquo;accrochent finalement au terrain et r\u00e9sistent \u00e0 tous les assauts.<\/p>\n<p>A 15h30, une importante attaque allemande se d\u00e9clenche sur le plateau Ouest de La Berli\u00e8re, le Chaudron, appuy\u00e9e par de violents tirs d&rsquo;artillerie. Elle se d\u00e9veloppe par le Nord et par l&rsquo;Est. L&rsquo;intervention de l&rsquo;artillerie de la 6\u00b0 DIC permet de bloquer toute progression. Vers 17 h de nouvelles tentatives sont faites \u00e0 partir des bois au Nord de Oches mais le 2\u00b0 escadron du 4\u00b0 RSM les arr\u00eate.<br \/>\n<img loading=\"lazy\" decoding=\"async\" src=\"http:\/\/www.ardennes1940aceuxquiontresiste.org\/wp-content\/uploads\/Spahis5.jpg\" alt=\"Spahis5\" width=\"143\" height=\"304\" class=\"alignright size-full wp-image-1128\" srcset=\"http:\/\/www.ardennes1940aceuxquiontresiste.org\/wp-content\/uploads\/Spahis5.jpg 143w, http:\/\/www.ardennes1940aceuxquiontresiste.org\/wp-content\/uploads\/Spahis5-141x300.jpg 141w\" sizes=\"auto, (max-width: 143px) 100vw, 143px\" \/><br \/>\nA 18 h, la situation est stabilis\u00e9e.<br \/>\nL&rsquo;ordre de rel\u00e8ve est arriv\u00e9 \u00e0 17 h. Mais il faut coordonner le retrait avec la mise en place des unit\u00e9s de couverture, les 4\u00b0 et 6\u00b0 spahis et quelques \u00e9l\u00e9ments du 123\u00b0 RI seulement car l&rsquo;arriv\u00e9e des nouvelles unit\u00e9s est retard\u00e9e par l&rsquo;encombrement des itin\u00e9raires utilisables.<br \/>\nUne derni\u00e8re reconnaissance du colonel montre que la situation s&rsquo;est stabilis\u00e9e : l&rsquo;ennemi r\u00e9cup\u00e8re ses bless\u00e9s et les corps de ses tu\u00e9s.<br \/>\nLe retrait de la 1\u00b0 Brigade de Spahis se fait progressivement au cours de la nuit, le regroupement \u00e9tant fix\u00e9 \u00e0 HARRICOURT.<\/p>\n<p><strong>CONCLUSION : La Brigade a tenu un front de 7 km. <\/strong><\/p>\n<p>Sur 700 combattants, les pertes sont lourdes :<br \/>\n\t4\u00b0 RSM : 3 Off,\t3 s\/off, 24 brigadiers et spahis<br \/>\n\t6\u00b0 RSA : 2 Off, 13 s\/off, 54 brigadiers et spahis<br \/>\n \ttotal : 99 hommes<br \/>\n\t+  51 bless\u00e9s l\u00e9gers et\t50 chevaux tu\u00e9s<br \/>\n(donn\u00e9es de M Cazenave v\u00e9t\u00e9ran, responsable de l&rsquo;amicale)<\/p>\n<p>Au plan mat\u00e9riel, quelques fusils-mitrailleurs ont \u00e9t\u00e9 d\u00e9truits ainsi qu&rsquo;un mortier. Un canon de 25 enlis\u00e9 au ruisseau du Petit Moulin est r\u00e9cup\u00e9r\u00e9 le 29 mai et ramen\u00e9 \u00e0 Cunel (Meuse).<\/p>\n<p>Remarques du colonel :<br \/>\n&#8211; bonne liaison avec les chars<br \/>\n&#8211; importance de la rapidit\u00e9 de liaison avec l&rsquo;artillerie<br \/>\n&#8211; obligation de pr\u00e9voir une traction automobile pour les canons de 25<\/p>\n<p><em>en m\u00e9moire des spahis morts au combat<\/em><\/p>\n\n\t\t<style type=\"text\/css\">\n\t\t\t#gallery-1 {\n\t\t\t\tmargin: auto;\n\t\t\t}\n\t\t\t#gallery-1 .gallery-item {\n\t\t\t\tfloat: left;\n\t\t\t\tmargin-top: 10px;\n\t\t\t\ttext-align: center;\n\t\t\t\twidth: 50%;\n\t\t\t}\n\t\t\t#gallery-1 img {\n\t\t\t\tborder: 2px solid #cfcfcf;\n\t\t\t}\n\t\t\t#gallery-1 .gallery-caption {\n\t\t\t\tmargin-left: 0;\n\t\t\t}\n\t\t\t\/* see gallery_shortcode() in wp-includes\/media.php *\/\n\t\t<\/style>\n\t\t<div id='gallery-1' class='gallery galleryid-1106 gallery-columns-2 gallery-size-thumbnail'><dl class='gallery-item'>\n\t\t\t<dt class='gallery-icon portrait'>\n\t\t\t\t<a href='http:\/\/www.ardennes1940aceuxquiontresiste.org\/?attachment_id=1129'><img loading=\"lazy\" decoding=\"async\" width=\"150\" height=\"150\" src=\"http:\/\/www.ardennes1940aceuxquiontresiste.org\/wp-content\/uploads\/Spahis6-150x150.jpg\" class=\"attachment-thumbnail size-thumbnail\" alt=\"\" \/><\/a>\n\t\t\t<\/dt><\/dl><dl class='gallery-item'>\n\t\t\t<dt class='gallery-icon portrait'>\n\t\t\t\t<a href='http:\/\/www.ardennes1940aceuxquiontresiste.org\/?attachment_id=1130'><img loading=\"lazy\" decoding=\"async\" width=\"150\" height=\"150\" src=\"http:\/\/www.ardennes1940aceuxquiontresiste.org\/wp-content\/uploads\/Spahis7-150x150.jpg\" class=\"attachment-thumbnail size-thumbnail\" alt=\"\" \/><\/a>\n\t\t\t<\/dt><\/dl><br style=\"clear: both\" \/>\n\t\t<\/div>\n\n<p><font size=\"1.5\"><br \/>\n&#8212;&#8212;&#8212;&#8212;&#8212;&#8212;&#8212;&#8212;&#8212;&#8212;&#8212;&#8211;<br \/>\n                      GLOSSAIRE<br \/>\n3\u00b0 DIM : 3\u00b0 Division d&rsquo;Infanterie Motoris\u00e9e<br \/>\n35\u00b0 DI : 35\u00b0 Division d&rsquo;Infanterie<br \/>\n67\u00b0 RI : 67\u00b0 R\u00e9giment d&rsquo;Infanterie<br \/>\n51\u00b0 RI : 51\u00b0 R\u00e9giment d&rsquo;Infanterie<br \/>\n42\u00b0 RA : 42\u00b0 R\u00e9giment d&rsquo;Artillerie<br \/>\n6\u00b0 DIC : 6\u00b0 Division d&rsquo;Infanterie Coloniale<br \/>\n5\u00b0 RICMS : 5\u00b0 R\u00e9giment d&rsquo;Infanterie Coloniale mixte S\u00e9n\u00e9galais<br \/>\n6\u00b0 RICMS : 6\u00b0 R\u00e9giment d&rsquo;Infanterie Coloniale mixte S\u00e9n\u00e9galais<br \/>\n23\u00b0 RAC : 23\u00b0 R\u00e9giment d&rsquo;Artillerie Colonial<br \/>\n76\u00b0 GRDI : 76\u00b0 Groupe de Reconnaissance Divisionnaire<br \/>\n42\u00b0 BCC : 42\u00b0 Bataillon de Chars de Combat<br \/>\n36\u00b0 RI : 36\u00b0 R\u00e9giment d&rsquo;Infanterie<br \/>\n119\u00b0 RI : 119\u00b0 R\u00e9giment d&rsquo;Infanterie<br \/>\n123\u00b0 RI : 123\u00b0 R\u00e9giment d&rsquo;Infanterie<br \/>\n<\/font><\/p>\n<p><a href=\"#top\">Haut de la page<\/a><span style=\"float: right;\">Suite : <a href=\"http:\/\/www.ardennes1940aceuxquiontresiste.org\/?page_id=1173\" title=\"Bois de Sommauthe \u2013 Mont Damion \/ 6\u00b0 DI\">6\u00b0 Division d&rsquo;Infanterie<\/a><br \/>\nRetour : <a href=\"http:\/\/www.ardennes1940aceuxquiontresiste.org\/?page_id=593\">Secteur Bois de Sommauthe &#8211; Mont Damion<\/a><br \/>\nRetour : <a href=\"http:\/\/www.ardennes1940aceuxquiontresiste.org\/?page_id=22\">liste des secteurs<\/a><\/span><\/p>\n","protected":false},"excerpt":{"rendered":"<p>1\u00e8re Brigade de Spahis Commandant : colonel JOUFFRAULT Composition : 6\u00e8me R\u00e9giment de Spahis Alg\u00e9riens (6\u00b0 RSA) 4\u00e8me R\u00e9giment de Spahis Marocains (4\u00b0 RSM) Depuis le 15 mai, l&rsquo;ennemi est tenu en respect sur la ligne Aisne-canal des Ardennes-collines bois\u00e9es Stonne-Sommauthe-Meuse \u00e0 Inor-Chiers \u00e0 La Fert\u00e9. Il veut rompre cette ligne de r\u00e9sistance et pr\u00e9pare [&hellip;]<\/p>\n","protected":false},"author":1,"featured_media":0,"parent":593,"menu_order":3,"comment_status":"closed","ping_status":"closed","template":"page-templates\/front-page.php","meta":{"footnotes":""},"class_list":["post-1106","page","type-page","status-publish","hentry"],"_links":{"self":[{"href":"http:\/\/www.ardennes1940aceuxquiontresiste.org\/index.php?rest_route=\/wp\/v2\/pages\/1106","targetHints":{"allow":["GET"]}}],"collection":[{"href":"http:\/\/www.ardennes1940aceuxquiontresiste.org\/index.php?rest_route=\/wp\/v2\/pages"}],"about":[{"href":"http:\/\/www.ardennes1940aceuxquiontresiste.org\/index.php?rest_route=\/wp\/v2\/types\/page"}],"author":[{"embeddable":true,"href":"http:\/\/www.ardennes1940aceuxquiontresiste.org\/index.php?rest_route=\/wp\/v2\/users\/1"}],"replies":[{"embeddable":true,"href":"http:\/\/www.ardennes1940aceuxquiontresiste.org\/index.php?rest_route=%2Fwp%2Fv2%2Fcomments&post=1106"}],"version-history":[{"count":43,"href":"http:\/\/www.ardennes1940aceuxquiontresiste.org\/index.php?rest_route=\/wp\/v2\/pages\/1106\/revisions"}],"predecessor-version":[{"id":1972,"href":"http:\/\/www.ardennes1940aceuxquiontresiste.org\/index.php?rest_route=\/wp\/v2\/pages\/1106\/revisions\/1972"}],"up":[{"embeddable":true,"href":"http:\/\/www.ardennes1940aceuxquiontresiste.org\/index.php?rest_route=\/wp\/v2\/pages\/593"}],"wp:attachment":[{"href":"http:\/\/www.ardennes1940aceuxquiontresiste.org\/index.php?rest_route=%2Fwp%2Fv2%2Fmedia&parent=1106"}],"curies":[{"name":"wp","href":"https:\/\/api.w.org\/{rel}","templated":true}]}}